base 16, what is 2 + -e?
-c
In base 10, what is -9 + 26?
17
In base 15, what is -5 + 26d?
268
In base 3, what is 1 - 2001020?
-2001012
In base 6, what is 21 + -11?
10
In base 4, what is -2130013 - 0?
-2130013
In base 16, what is -2f1 + 0?
-2f1
In base 3, what is -101202 - -2?
-101200
In base 4, what is 211 - -10?
221
In base 14, what is 60 + 5?
65
In base 2, what is -101111011100 - 100?
-101111100000
In base 11, what is -38 - 11?
-49
In base 6, what is -10 - -301?
251
In base 10, what is 4 - 243?
-239
In base 16, what is 4 - -3d?
41
In base 12, what is -b + -117?
-126
In base 5, what is 4 + -100?
-41
In base 13, what is 321 - 25?
2c9
In base 8, what is -12 - 0?
-12
In base 2, what is -1 - 11010?
-11011
In base 7, what is 12 + 324?
336
In base 14, what is 48 + -2?
46
In base 10, what is 7 - -56?
63
In base 12, what is -3 - -7?
4
In base 12, what is 52 + 8?
5a
In base 3, what is 1220210 - 12?
1220121
In base 8, what is 3426 + -2?
3424
In base 7, what is -1423 - 4?
-1430
In base 13, what is -247 - 7?
-251
In base 2, what is -100001 - -100011?
10
In base 7, what is -1164 + 22?
-1142
In base 8, what is 333 + 4?
337
In base 10, what is -161 + -4?
-165
In base 11, what is 8 - 4?
4
In base 8, what is 32402 - 4?
32376
In base 13, what is -3 + -33?
-36
In base 12, what is 22 - -2?
24
In base 16, what is 54be - -5?
54c3
In base 8, what is -4 - 137?
-143
In base 6, what is 13525 + -3?
13522
In base 16, what is -4 - 95?
-99
In base 4, what is 10 + -2323?
-2313
In base 2, what is -1 - -100001011?
100001010
In base 15, what is 4 - -b62?
b66
In base 10, what is -3 - -56?
53
In base 3, what is 222 + -11110?
-10111
In base 11, what is 263 + -3?
260
In base 3, what is -210 - 2120?
-10100
In base 10, what is -996 - -7?
-989
In base 9, what is -18 + -21?
-40
In base 13, what is 20 + 24?
44
In base 12, what is -19 + -16?
-33
In base 16, what is 0 + -3?
-3
In base 2, what is 101 - 10110000?
-10101011
In base 16, what is -1db - 5?
-1e0
In base 8, what is 167 - -5?
174
In base 15, what is 0 - 2d?
-2d
In base 7, what is 43120 - 2?
43115
In base 12, what is 6 - -106b?
1075
In base 2, what is 1010100010001 + 10?
1010100010011
In base 9, what is 3 + 180?
183
In base 14, what is -17 + -10?
-27
In base 5, what is -111024 + 2?
-111022
In base 8, what is -3 - -104?
101
In base 6, what is -1 + 522?
521
In base 16, what is -1f4 - -6?
-1ee
In base 2, what is -1011000 - -10?
-1010110
In base 14, what is 0 + -c1b?
-c1b
In base 9, what is -241 - -13?
-227
In base 8, what is 1135 - 4?
1131
In base 2, what is 11 - -1011100101?
1011101000
In base 7, what is 4 + -1326?
-1322
In base 15, what is 5 + 1?
6
In base 16, what is -5 - 2d?
-32
In base 10, what is -810 - -4?
-806
In base 3, what is -1 + 1221?
1220
In base 6, what is -21022 + -1?
-21023
In base 2, what is 1101 - 10011?
-110
In base 16, what is f0 - -3?
f3
In base 3, what is -2 - 2020?
-2022
In base 10, what is -615 - -6?
-609
In base 16, what is -1 + 7?
6
In base 13, what is -12 + 38?
26
In base 2, what is -1000 - 11100110?
-11101110
In base 11, what is -22 + -2?
-24
In base 5, what is -4 - -441?
432
In base 16, what is 9 - -3?
c
In base 2, what is 100001 + 10000000?
10100001
In base 6, what is 331 + -125?
202
In base 13, what is -147 - 0?
-147
In base 6, what is -2 + -22?
-24
In base 7, what is 3 - 43?
-40
In base 3, what is -12 - 1112?
-1201
In base 3, what is 11 + -11011200?
-11011112
In base 7, what is -5 + 2413?
2405
In base 9, what is -37 + 47?
10
In base 13, what is -11 - -11?
0
In base 16, what is 17 - -23?
3a
In base 8, what is 24176 + -3?
24173
In base 3, what is 2200 - -2?
2202
In base 14, what is -7 + -4?
-b
In base 10, what is -509 + 2?
-507
In base 11, what is -3 - 238?
-240
In base 10, what is 1523 - 3?
1520
In base 11, what is -274 + 4?
-270
In base 13, what is -1 + -2a9?
-2aa
In base 14, what is -b69 + 5?
-b64
In base 9, what is -67 - -11?
-56
In base 12, what is -2095a + 4?
-20956
In base 4, what is -11 + -33?
-110
In base 7, what is -11213 + -1?
-11214
In base 4, what is -22 + 13?
-3
In base 3, what is 2102 - 12?
2020
In base 15, what is 3 - 725?
-722
In base 12, what is 4 + -25b?
-257
In base 6, what is -115414 + -1?
-115415
In base 9, what is -1 - 486?
-487
In base 10, what is -2035 + 3?
-2032
In base 3, what is 120 - 0?
120
In base 2, what is 10 + 1000001100?
1000001110
In base 6, what is 1321 + -5?
1312
In base 12, what is -191 + 2?
-18b
In base 11, what is -a11 + 2?
-a0a
In base 3, what is -11022 + 212?
-10110
In base 9, what is 3 + 727?
731
In base 10, what is -1254 - -2?
-1252
In base 11, what is 8 + -72?
-65
In base 11, what is 347 + 5?
351
In base 5, what is -203332 - -3?
-203324
In base 12, what is -53 - -43?
-10
In base 10, what is -8 + 2?
-6
In base 12, what is -2 + -83?
-85
In base 15, what is -6 - -5?
-1
In base 2, what is 10 + -100010011?
-100010001
In base 13, what is 4 - b?
-7
In base 5, what is 13341 - -4?
13400
In base 5, what is -1 + 301?
300
In base 6, what is 3 + -1204?
-1201
In base 9, what is 175 + 6?
182
In base 15, what is -e4 + -6?
-ea
In base 15, what is 5 - -21?
26
In base 15, what is -59 - -3?
-56
In base 8, what is 361 - 0?
361
In base 10, what is -6347 - -4?
-6343
In base 11, what is 5 + -13?
-9
In base 7, what is 323 + -1?
322
In base 8, what is 12 + -30?
-16
In base 6, what is -5535 - 1?
-5540
In base 13, what is 10 - 7?
6
In base 15, what is 1e + -1?
1d
In base 13, what is -18 + 13?
-5
In base 6, what is -5 + -20?
-25
In base 16, what is 2 - -44?
46
In base 7, what is -6 - 34?
-43
In base 9, what is 5 + 863?
868
In base 3, what is -121 - -2001?
1110
In base 15, what is 13 - -6?
19
In base 10, what is 12 + 42?
54
In base 12, what is -1 - -a3?
a2
In base 8, what is -5 + 4726?
4721
In base 2, what is -11 + 1111111?
1111100
In base 13, what is 66 - 6?
60
In base 8, what is 140 - -4?
144
In base 16, what is 1f2 + 4?
1f6
In base 4, what is -3 - -213?
210
In base 11, what is 0 - 47?
-47
In base 8, what is 2427 - -16?
2445
In base 9, what is 71 - 27?
43
In base 7, what is 24663 - -2?
24665
In base 15, what is -29d - -1?
-29c
In base 12, what is -b - -9?
-2
In base 9, what is -74 - 8?
-83
In base 3, what is 1 + -1011122?
-1011121
In base 12, what is -71 + 60?
-11
In base 8, what is -12 - -10?
-2
In base 15, what is -1b02 - 1?
-1b03
In base 8, what is -6444 - -1?
-6443
In base 16, what is -148 - 3?
-14b
In base 13, what is -61 + 5?
-59
In base 10, what is -15 - -10?
-5
In base 7, what is 5 - -253?
261
In base 12, what is 2 - 12?
-10
In base 12, what is 4 + -2b?
-27
In base 7, what is -1 - 32?
-33
In base 2, what is -10101111 + 11?
-10101100
In base 13, what is 0 + -3c?
-3c
In base 7, what is -32 - 5?
-40
In base 11, what is 0 + 113?
113
In base 14, what is -3 - -9?
6
In base 15, what is -5d8 + 5?
-5d3
In base 13, what is -1950 + 3?
-194a
In base 9, what is -2800 - -7?
-2782
In base 10, what is 2 + 49?
51
In base 10, what is -3848 + 0?
-3848
In base 7, what is 1100 + 0?
1100
In base 3, what is -2 - -1120?
1111
In base 7, what is 4 - 3254?
-3250
In base 15, what is -91 - -d3?
42
In base 7, what is 3 + 141?
144
In base 14, what is -29 - 4b?
-76
In base 9, what is -15 + -186?
-212
In base 12, what is 11b + 6?
125
In base 14, what is 0 - 203?
-203
In base 12, what is 32 + -3?
2b
In base 5, what is 1203 - -1?
1204
In base 13, what is -2 + 34?
32
In base 6, what is -141 + -4?
-145
In base 7, what is 223 - 1?
222
In base 2, what is 10001001110000 - -11?
10001001110011
In base 16, what is -5 - -19cd?
19c8
In base 11, what is -6 + -190?
-196
In base 5, what is -20 + -130?
-200
In base 11, what is 14 - -188?
1a1
In base 2, what is -10010 + 10?
-10000
In base 11, what is 1 - -32?
33
In base 4, what is 31 + -102?
-11
In base 9, what is 81 + 2?
83
In base 14, what is 186 + 1?
187
In base 5, what is -111 - 124?
-240
In base 13, what is 6 + 4?
a
In base 12, what is 4 - b1?
-a9
In base 11, what is -3 - 11a?
-122
In base 13, what is 3 + 1ab6?
1ab9
In base 15, what is 1 + -1c?
-1b
In base 9, what is 0 + 74?
74
In base 11, what is 259 + -6?
253
In base 7, what is -300 - 1?
-301
In base 5, what is -24241 - 12?
-24303
In base 12, what is 4 - 27?
-23
In base 3, what is 2 - -202?
211
In base 8, what is 636 - 5?
631
In base 14, what is -5 - -59?
54
In base 3, what is 1111 + -2102?
-221
In base 12, what is